{"id":161,"date":"2020-09-07T09:53:56","date_gmt":"2020-09-07T07:53:56","guid":{"rendered":"https:\/\/kinderbetreuung-neutraubling.de\/moby-dick\/?page_id=161"},"modified":"2020-09-07T09:55:58","modified_gmt":"2020-09-07T07:55:58","slug":"unsere-raeumlichkeiten","status":"publish","type":"page","link":"https:\/\/kinderbetreuung-neutraubling.de\/moby-dick\/unsere-raeumlichkeiten\/","title":{"rendered":"Unsere R\u00e4umlichkeiten"},"content":{"rendered":"\n<p>Bei Moby Dick verf\u00fcgen wir \u00fcber folgende R\u00e4umlichkeiten:<\/p>\n\n\n\n<ul><li><strong>4 gro\u00dfz\u00fcgig ausgestattete Gruppenr\u00e4ume<\/strong><\/li><\/ul>\n\n\n\n<p>Hier haben die Kinder Zeit und Raum, in einer ruhigen Atmosph\u00e4re die verschiedenen Spielbereiche (z.B. B\u00fccherecke, B\u00e4llebad)&nbsp; zu ergr\u00fcnden.<\/p>\n\n\n\n<p>Alle vier Gruppenr\u00e4ume sind von den R\u00e4umlichkeiten und der Ausstattung identisch aufgebaut und unterscheiden sich lediglich in der Gruppenfarbe. Die blaue Gruppe wurde 2019 neu angebaut und ist im Gegensatz zu den anderen Gruppen spiegelverkehrt.<\/p>\n\n\n\n<figure class=\"wp-block-image size-large\"><img decoding=\"async\" loading=\"lazy\" width=\"300\" height=\"221\" src=\"https:\/\/kinderbetreuung-neutraubling.de\/moby-dick\/wp-content\/uploads\/sites\/7\/2020\/09\/image-2.png\" alt=\"\" class=\"wp-image-164\" \/><\/figure>\n\n\n\n<figure class=\"wp-block-image size-large\"><img decoding=\"async\" loading=\"lazy\" width=\"303\" height=\"221\" src=\"https:\/\/kinderbetreuung-neutraubling.de\/moby-dick\/wp-content\/uploads\/sites\/7\/2020\/09\/image-3.png\" alt=\"\" class=\"wp-image-165\" srcset=\"https:\/\/kinderbetreuung-neutraubling.de\/moby-dick\/wp-content\/uploads\/sites\/7\/2020\/09\/image-3.png 303w, https:\/\/kinderbetreuung-neutraubling.de\/moby-dick\/wp-content\/uploads\/sites\/7\/2020\/09\/image-3-300x219.png 300w\" sizes=\"(max-width: 303px) 100vw, 303px\" \/><\/figure>\n\n\n\n<figure class=\"wp-block-image size-large\"><img decoding=\"async\" loading=\"lazy\" width=\"300\" height=\"221\" src=\"https:\/\/kinderbetreuung-neutraubling.de\/moby-dick\/wp-content\/uploads\/sites\/7\/2020\/09\/image-4.png\" alt=\"\" class=\"wp-image-166\" \/><\/figure>\n\n\n\n<figure class=\"wp-block-image size-large\"><img decoding=\"async\" loading=\"lazy\" width=\"303\" height=\"226\" src=\"https:\/\/kinderbetreuung-neutraubling.de\/moby-dick\/wp-content\/uploads\/sites\/7\/2020\/09\/image-5.png\" alt=\"\" class=\"wp-image-167\" srcset=\"https:\/\/kinderbetreuung-neutraubling.de\/moby-dick\/wp-content\/uploads\/sites\/7\/2020\/09\/image-5.png 303w, https:\/\/kinderbetreuung-neutraubling.de\/moby-dick\/wp-content\/uploads\/sites\/7\/2020\/09\/image-5-300x224.png 300w\" sizes=\"(max-width: 303px) 100vw, 303px\" \/><\/figure>\n\n\n\n<ul><li><strong>4 Schlaf- bzw. Ruher\u00e4ume<\/strong><\/li><\/ul>\n\n\n\n<p>In diesen R\u00e4umen wird den Kindern eine Ruhem\u00f6glichkeit angeboten, die von ca. 12:00 \u2013 14:00 Uhr angesetzt ist.<\/p>\n\n\n\n<p>Hierbei hat jedes Kind seinen eigenen Schlafplatz, welcher mit wichtigen Habseligkeiten wie Schnuller, Schmuset\u00fcchern oder Kuscheltieren ausgestattet ist. <\/p>\n\n\n\n<figure class=\"wp-block-image size-large\"><img decoding=\"async\" loading=\"lazy\" width=\"299\" height=\"227\" src=\"https:\/\/kinderbetreuung-neutraubling.de\/moby-dick\/wp-content\/uploads\/sites\/7\/2020\/09\/image-6.png\" alt=\"\" class=\"wp-image-168\" \/><\/figure>\n\n\n\n<ul><li><strong>4 Essensr\u00e4ume<\/strong><\/li><\/ul>\n\n\n\n<p>Unsere Essensr\u00e4ume grenzen jeweils an den Gruppenraum an und sind mit gro\u00dfen Waschbecken ausgestattet. Hier werden die Brotzeit, sowie das Mittagessen t\u00e4glich eingenommen.&nbsp; Wir genie\u00dfen es aber auch, hier mit Kleingruppen Spiele zu spielen&nbsp;oder kreative Bastelarbeiten zu gestalten.<\/p>\n\n\n\n<figure class=\"wp-block-image size-large\"><img decoding=\"async\" loading=\"lazy\" width=\"299\" height=\"224\" src=\"https:\/\/kinderbetreuung-neutraubling.de\/moby-dick\/wp-content\/uploads\/sites\/7\/2020\/09\/image-7.png\" alt=\"\" class=\"wp-image-169\" \/><\/figure>\n\n\n\n<ul><li><strong>4 Sanit\u00e4rr\u00e4ume<\/strong><\/li><\/ul>\n\n\n\n<p>Jeder Gruppenraum verf\u00fcgt \u00fcber einen eigenen, in Kindergr\u00f6\u00dfe ausgelegten Sanit\u00e4rraum. In diesem befinden sich zwei Kindertoiletten unterschiedlicher Gr\u00f6\u00dfe, einem gro\u00dfen Kinderwaschbecken, sowie&nbsp;der Wickelbereich inclusive Treppe und integrierter Duschwanne.<\/p>\n\n\n\n<figure class=\"wp-block-image size-large\"><img decoding=\"async\" loading=\"lazy\" width=\"299\" height=\"224\" src=\"https:\/\/kinderbetreuung-neutraubling.de\/moby-dick\/wp-content\/uploads\/sites\/7\/2020\/09\/image-8.png\" alt=\"\" class=\"wp-image-170\" \/><\/figure>\n\n\n\n<ul><li><strong>1 gro\u00dfer Turnraum<\/strong><\/li><\/ul>\n\n\n\n<p>Dieser gro\u00dfgestaltete Raum dient zur Bewegungsf\u00f6rderung und&nbsp; Anregung der Bewegungskoordination. <\/p>\n\n\n\n<figure class=\"wp-block-image size-large\"><img decoding=\"async\" loading=\"lazy\" width=\"299\" height=\"229\" src=\"https:\/\/kinderbetreuung-neutraubling.de\/moby-dick\/wp-content\/uploads\/sites\/7\/2020\/09\/image-9.png\" alt=\"\" class=\"wp-image-171\" \/><\/figure>\n\n\n\n<ul><li><strong>1 gro\u00df-angelegter Spieleflur mit<\/strong> <strong>Motorikw\u00e4nden<\/strong><\/li><\/ul>\n\n\n\n<p>Hier k\u00f6nnen die Krippenkinder ausgiebig erste Erfahrungen mit H\u00fcpfpferden, verschiedenen Fahrzeugen oder B\u00e4llen sammeln und zunehmend ihre motorischen F\u00e4higkeiten erproben und erweitern. An den Flurw\u00e4nden befinden sich sogenannte Motorikw\u00e4nde, welche die Grob- und Feinmotorik der Kinder spielerisch anregen.<\/p>\n\n\n\n<figure class=\"wp-block-image size-large\"><img decoding=\"async\" src=\"https:\/\/kinderbetreuung-neutraubling.de\/moby-dick\/wp-content\/uploads\/sites\/7\/2020\/09\/image-10.png\" alt=\"\" class=\"wp-image-172\" \/><\/figure>\n\n\n\n<ul><li><strong>Elternbereich<\/strong><\/li><\/ul>\n\n\n\n<p>Dieser gem\u00fctliche Bereich wird vorallem in der Eingew\u00f6hnungszeit gut besucht und bietet den Eltern die M\u00f6glichkeit, sich bei einem Getr\u00e4nk auszutauschen und sich kennenzulernen. Ebenso findet hier ganzj\u00e4hrig unsere Entwicklungsgespr\u00e4che statt. <\/p>\n\n\n\n<figure class=\"wp-block-image size-large\"><img decoding=\"async\" loading=\"lazy\" width=\"299\" height=\"232\" src=\"https:\/\/kinderbetreuung-neutraubling.de\/moby-dick\/wp-content\/uploads\/sites\/7\/2020\/09\/image-11.png\" alt=\"\" class=\"wp-image-173\" \/><\/figure>\n\n\n\n<p><\/p>\n\n\n\n<p><strong><u>Au\u00dfenanlage<\/u><\/strong><\/p>\n\n\n\n<p>In unserem gro\u00dfen Garten k\u00f6nnen die Kinder an der frischen Luft viele Bewegungserfahrungen sammeln und eigene Spielideen entwickeln. Die vielen unterschiedlichen Fahrzeuge wie Bagger, Bobbycar, Dreirad und Laufrad erm\u00f6glichen es dem Kind, bevorzugte Interessen zu bilden und neue Herausforderungen zu entdecken.<\/p>\n\n\n\n<p>Der Garten wurde von einem Architekten in Zusammenarbeit mit einer Landschaftsg\u00e4rtnerei angelegt und mit folgenden Ger\u00e4ten ausgestattet:<\/p>\n\n\n\n<ul><li>2 Spielh\u00e4user incl. einer kleinen Rutsche<\/li><li>1 Vogelnestschaukel<\/li><li>3 Schaukeltiere<\/li><li>2 Sandk\u00e4sten<\/li><li>1 Barfu\u00dfpfad<\/li><li>3 Wasseranschl\u00fcsse ( z.B. zum Planschen im Sommer)<\/li><\/ul>\n\n\n\n<figure class=\"wp-block-image size-large\"><img decoding=\"async\" loading=\"lazy\" width=\"342\" height=\"256\" src=\"https:\/\/kinderbetreuung-neutraubling.de\/moby-dick\/wp-content\/uploads\/sites\/7\/2020\/09\/image-12.png\" alt=\"\" class=\"wp-image-174\" srcset=\"https:\/\/kinderbetreuung-neutraubling.de\/moby-dick\/wp-content\/uploads\/sites\/7\/2020\/09\/image-12.png 342w, https:\/\/kinderbetreuung-neutraubling.de\/moby-dick\/wp-content\/uploads\/sites\/7\/2020\/09\/image-12-300x225.png 300w\" sizes=\"(max-width: 342px) 100vw, 342px\" \/><\/figure>\n\n\n\n<ul><li><\/li><\/ul>\n","protected":false},"excerpt":{"rendered":"<p>Bei Moby Dick verf\u00fcgen wir \u00fcber folgende R\u00e4umlichkeiten: 4 gro\u00dfz\u00fcgig ausgestattete Gruppenr\u00e4ume Hier haben die Kinder Zeit und Raum, in einer ruhigen Atmosph\u00e4re die verschiedenen Spielbereiche (z.B. B\u00fccherecke, B\u00e4llebad)&nbsp; zu ergr\u00fcnden. Alle vier Gruppenr\u00e4ume sind von den R\u00e4umlichkeiten und der Ausstattung identisch aufgebaut und unterscheiden sich lediglich in der Gruppenfarbe. Die blaue Gruppe wurde 2019 [&hellip;]<\/p>\n","protected":false},"author":5,"featured_media":0,"parent":0,"menu_order":0,"comment_status":"closed","ping_status":"closed","template":"","meta":{"ocean_post_layout":"","ocean_both_sidebars_style":"","ocean_both_sidebars_content_width":0,"ocean_both_sidebars_sidebars_width":0,"ocean_sidebar":"","ocean_second_sidebar":"","ocean_disable_margins":"enable","ocean_add_body_class":"","ocean_shortcode_before_top_bar":"","ocean_shortcode_after_top_bar":"","ocean_shortcode_before_header":"","ocean_shortcode_after_header":"","ocean_has_shortcode":"","ocean_shortcode_after_title":"","ocean_shortcode_before_footer_widgets":"","ocean_shortcode_after_footer_widgets":"","ocean_shortcode_before_footer_bottom":"","ocean_shortcode_after_footer_bottom":"","ocean_display_top_bar":"default","ocean_display_header":"default","ocean_header_style":"","ocean_center_header_left_menu":"","ocean_custom_header_template":"","ocean_custom_logo":0,"ocean_custom_retina_logo":0,"ocean_custom_logo_max_width":0,"ocean_custom_logo_tablet_max_width":0,"ocean_custom_logo_mobile_max_width":0,"ocean_custom_logo_max_height":0,"ocean_custom_logo_tablet_max_height":0,"ocean_custom_logo_mobile_max_height":0,"ocean_header_custom_menu":"","ocean_menu_typo_font_family":"","ocean_menu_typo_font_subset":"","ocean_menu_typo_font_size":0,"ocean_menu_typo_font_size_tablet":0,"ocean_menu_typo_font_size_mobile":0,"ocean_menu_typo_font_size_unit":"px","ocean_menu_typo_font_weight":"","ocean_menu_typo_font_weight_tablet":"","ocean_menu_typo_font_weight_mobile":"","ocean_menu_typo_transform":"","ocean_menu_typo_transform_tablet":"","ocean_menu_typo_transform_mobile":"","ocean_menu_typo_line_height":0,"ocean_menu_typo_line_height_tablet":0,"ocean_menu_typo_line_height_mobile":0,"ocean_menu_typo_line_height_unit":"","ocean_menu_typo_spacing":0,"ocean_menu_typo_spacing_tablet":0,"ocean_menu_typo_spacing_mobile":0,"ocean_menu_typo_spacing_unit":"","ocean_menu_link_color":"","ocean_menu_link_color_hover":"","ocean_menu_link_color_active":"","ocean_menu_link_background":"","ocean_menu_link_hover_background":"","ocean_menu_link_active_background":"","ocean_menu_social_links_bg":"","ocean_menu_social_hover_links_bg":"","ocean_menu_social_links_color":"","ocean_menu_social_hover_links_color":"","ocean_disable_title":"default","ocean_disable_heading":"default","ocean_post_title":"","ocean_post_subheading":"","ocean_post_title_style":"","ocean_post_title_background_color":"","ocean_post_title_background":0,"ocean_post_title_bg_image_position":"","ocean_post_title_bg_image_attachment":"","ocean_post_title_bg_image_repeat":"","ocean_post_title_bg_image_size":"","ocean_post_title_height":0,"ocean_post_title_bg_overlay":0.5,"ocean_post_title_bg_overlay_color":"","ocean_disable_breadcrumbs":"default","ocean_breadcrumbs_color":"","ocean_breadcrumbs_separator_color":"","ocean_breadcrumbs_links_color":"","ocean_breadcrumbs_links_hover_color":"","ocean_display_footer_widgets":"default","ocean_display_footer_bottom":"default","ocean_custom_footer_template":""},"_links":{"self":[{"href":"https:\/\/kinderbetreuung-neutraubling.de\/moby-dick\/wp-json\/wp\/v2\/pages\/161"}],"collection":[{"href":"https:\/\/kinderbetreuung-neutraubling.de\/moby-dick\/wp-json\/wp\/v2\/pages"}],"about":[{"href":"https:\/\/kinderbetreuung-neutraubling.de\/moby-dick\/wp-json\/wp\/v2\/types\/page"}],"author":[{"embeddable":true,"href":"https:\/\/kinderbetreuung-neutraubling.de\/moby-dick\/wp-json\/wp\/v2\/users\/5"}],"replies":[{"embeddable":true,"href":"https:\/\/kinderbetreuung-neutraubling.de\/moby-dick\/wp-json\/wp\/v2\/comments?post=161"}],"version-history":[{"count":3,"href":"https:\/\/kinderbetreuung-neutraubling.de\/moby-dick\/wp-json\/wp\/v2\/pages\/161\/revisions"}],"predecessor-version":[{"id":179,"href":"https:\/\/kinderbetreuung-neutraubling.de\/moby-dick\/wp-json\/wp\/v2\/pages\/161\/revisions\/179"}],"wp:attachment":[{"href":"https:\/\/kinderbetreuung-neutraubling.de\/moby-dick\/wp-json\/wp\/v2\/media?parent=161"}],"curies":[{"name":"wp","href":"https:\/\/api.w.org\/{rel}","templated":true}]}}