{"id":141,"date":"2020-09-02T09:01:34","date_gmt":"2020-09-02T07:01:34","guid":{"rendered":"https:\/\/kinderbetreuung-neutraubling.de\/moby-dick\/?page_id=141"},"modified":"2020-09-02T09:01:34","modified_gmt":"2020-09-02T07:01:34","slug":"was-braucht-mein-kind-in-der-kinderkrippe","status":"publish","type":"page","link":"https:\/\/kinderbetreuung-neutraubling.de\/moby-dick\/was-braucht-mein-kind-in-der-kinderkrippe\/","title":{"rendered":"Was braucht mein Kind in der Kinderkrippe?"},"content":{"rendered":"\n<p><strong><u>Was braucht mein Kind in der Kinderkrippe Moby Dick?<\/u><\/strong><\/p>\n\n\n\n<p><strong><u>In den ersten Tagen:<\/u><\/strong><\/p>\n\n\n\n<ul><li>Hausschuhe (bitte ohne Schn\u00fcrsenkel) oder Stoppersocken<\/li><\/ul>\n\n\n\n<ul><li>2 x komplette Wechselw\u00e4sche<\/li><\/ul>\n\n\n\n<ul><li> wenn ben\u00f6tigt Schnuller, Kuscheltier etc.<\/li><\/ul>\n\n\n\n<ul><li>Brotzeittasche<\/li><\/ul>\n\n\n\n<ul><li> ein \u201eIch-Buch\u201c (= ein kl. Buch mit Fotos von den Kindern, Eltern, Haustieren etc.)<\/li><\/ul>\n\n\n\n<ul><li> 6 Passbilder f\u00fcr Geburtstagskalender, Garderobe, Eigentumsschublade, Portfolio, Waschlappen)<\/li><\/ul>\n\n\n\n<ul><li> 1 Gro\u00dfpackung Taschent\u00fccher<\/li><\/ul>\n\n\n\n<p><strong><u>Zum Wickeln:<\/u><\/strong><\/p>\n\n\n\n<ul><li> Windeln<\/li><\/ul>\n\n\n\n<ul><li> Feuchtt\u00fccher<\/li><\/ul>\n\n\n\n<ul><li> Wundschutzcreme, wenn n\u00f6tig (jedoch nur mit schriftl. Einverst\u00e4ndniserkl\u00e4rung)<\/li><\/ul>\n\n\n\n<p><strong><u>Zum Schlafen:<\/u><\/strong><\/p>\n\n\n\n<ul><li> Kuscheltier, Schmusetuch, Schnuller etc.<\/li><\/ul>\n\n\n\n<ul><li>Schlafsack, wenn erw\u00fcnscht (Bettw\u00e4sche wird gestellt von der Kinderkrippe)<\/li><\/ul>\n\n\n\n<p><strong><u>Zum Rausgehen:<\/u><\/strong><\/p>\n\n\n\n<ul><li> je nach Wetterlage und Jahreszeit (z.B. Matschhose, M\u00fctze, Schal, Sonnenhut etc.)<\/li><\/ul>\n\n\n\n<p><strong><u>Wichtig:<\/u><\/strong> <strong>Bitte kennzeichnen Sie alle Kleidungsst\u00fccke, Schuhe etc. mit Namen oder Initialen Ihres Kindes.<\/strong><\/p>\n","protected":false},"excerpt":{"rendered":"<p>Was braucht mein Kind in der Kinderkrippe Moby Dick? In den ersten Tagen: Hausschuhe (bitte ohne Schn\u00fcrsenkel) oder Stoppersocken 2 x komplette Wechselw\u00e4sche wenn ben\u00f6tigt Schnuller, Kuscheltier etc. Brotzeittasche ein \u201eIch-Buch\u201c (= ein kl. Buch mit Fotos von den Kindern, Eltern, Haustieren etc.) 6 Passbilder f\u00fcr Geburtstagskalender, Garderobe, Eigentumsschublade, Portfolio, Waschlappen) 1 Gro\u00dfpackung Taschent\u00fccher Zum [&hellip;]<\/p>\n","protected":false},"author":5,"featured_media":0,"parent":0,"menu_order":0,"comment_status":"closed","ping_status":"closed","template":"","meta":{"ocean_post_layout":"","ocean_both_sidebars_style":"","ocean_both_sidebars_content_width":0,"ocean_both_sidebars_sidebars_width":0,"ocean_sidebar":"","ocean_second_sidebar":"","ocean_disable_margins":"enable","ocean_add_body_class":"","ocean_shortcode_before_top_bar":"","ocean_shortcode_after_top_bar":"","ocean_shortcode_before_header":"","ocean_shortcode_after_header":"","ocean_has_shortcode":"","ocean_shortcode_after_title":"","ocean_shortcode_before_footer_widgets":"","ocean_shortcode_after_footer_widgets":"","ocean_shortcode_before_footer_bottom":"","ocean_shortcode_after_footer_bottom":"","ocean_display_top_bar":"default","ocean_display_header":"default","ocean_header_style":"","ocean_center_header_left_menu":"","ocean_custom_header_template":"","ocean_custom_logo":0,"ocean_custom_retina_logo":0,"ocean_custom_logo_max_width":0,"ocean_custom_logo_tablet_max_width":0,"ocean_custom_logo_mobile_max_width":0,"ocean_custom_logo_max_height":0,"ocean_custom_logo_tablet_max_height":0,"ocean_custom_logo_mobile_max_height":0,"ocean_header_custom_menu":"","ocean_menu_typo_font_family":"","ocean_menu_typo_font_subset":"","ocean_menu_typo_font_size":0,"ocean_menu_typo_font_size_tablet":0,"ocean_menu_typo_font_size_mobile":0,"ocean_menu_typo_font_size_unit":"px","ocean_menu_typo_font_weight":"","ocean_menu_typo_font_weight_tablet":"","ocean_menu_typo_font_weight_mobile":"","ocean_menu_typo_transform":"","ocean_menu_typo_transform_tablet":"","ocean_menu_typo_transform_mobile":"","ocean_menu_typo_line_height":0,"ocean_menu_typo_line_height_tablet":0,"ocean_menu_typo_line_height_mobile":0,"ocean_menu_typo_line_height_unit":"","ocean_menu_typo_spacing":0,"ocean_menu_typo_spacing_tablet":0,"ocean_menu_typo_spacing_mobile":0,"ocean_menu_typo_spacing_unit":"","ocean_menu_link_color":"","ocean_menu_link_color_hover":"","ocean_menu_link_color_active":"","ocean_menu_link_background":"","ocean_menu_link_hover_background":"","ocean_menu_link_active_background":"","ocean_menu_social_links_bg":"","ocean_menu_social_hover_links_bg":"","ocean_menu_social_links_color":"","ocean_menu_social_hover_links_color":"","ocean_disable_title":"default","ocean_disable_heading":"default","ocean_post_title":"","ocean_post_subheading":"","ocean_post_title_style":"","ocean_post_title_background_color":"","ocean_post_title_background":0,"ocean_post_title_bg_image_position":"","ocean_post_title_bg_image_attachment":"","ocean_post_title_bg_image_repeat":"","ocean_post_title_bg_image_size":"","ocean_post_title_height":0,"ocean_post_title_bg_overlay":0.5,"ocean_post_title_bg_overlay_color":"","ocean_disable_breadcrumbs":"default","ocean_breadcrumbs_color":"","ocean_breadcrumbs_separator_color":"","ocean_breadcrumbs_links_color":"","ocean_breadcrumbs_links_hover_color":"","ocean_display_footer_widgets":"default","ocean_display_footer_bottom":"default","ocean_custom_footer_template":""},"_links":{"self":[{"href":"https:\/\/kinderbetreuung-neutraubling.de\/moby-dick\/wp-json\/wp\/v2\/pages\/141"}],"collection":[{"href":"https:\/\/kinderbetreuung-neutraubling.de\/moby-dick\/wp-json\/wp\/v2\/pages"}],"about":[{"href":"https:\/\/kinderbetreuung-neutraubling.de\/moby-dick\/wp-json\/wp\/v2\/types\/page"}],"author":[{"embeddable":true,"href":"https:\/\/kinderbetreuung-neutraubling.de\/moby-dick\/wp-json\/wp\/v2\/users\/5"}],"replies":[{"embeddable":true,"href":"https:\/\/kinderbetreuung-neutraubling.de\/moby-dick\/wp-json\/wp\/v2\/comments?post=141"}],"version-history":[{"count":1,"href":"https:\/\/kinderbetreuung-neutraubling.de\/moby-dick\/wp-json\/wp\/v2\/pages\/141\/revisions"}],"predecessor-version":[{"id":142,"href":"https:\/\/kinderbetreuung-neutraubling.de\/moby-dick\/wp-json\/wp\/v2\/pages\/141\/revisions\/142"}],"wp:attachment":[{"href":"https:\/\/kinderbetreuung-neutraubling.de\/moby-dick\/wp-json\/wp\/v2\/media?parent=141"}],"curies":[{"name":"wp","href":"https:\/\/api.w.org\/{rel}","templated":true}]}}