{"id":137,"date":"2020-09-02T09:01:40","date_gmt":"2020-09-02T07:01:40","guid":{"rendered":"https:\/\/kinderbetreuung-neutraubling.de\/moby-dick\/?page_id=137"},"modified":"2022-09-21T09:52:28","modified_gmt":"2022-09-21T07:52:28","slug":"infoblatt-bei-krankheiten","status":"publish","type":"page","link":"https:\/\/kinderbetreuung-neutraubling.de\/moby-dick\/infoblatt-bei-krankheiten\/","title":{"rendered":"Infoblatt bei Krankheiten"},"content":{"rendered":"\n<p><strong>Infoblatt bei Krankheiten<\/strong><\/p>\n\n\n\n<p>Unter Beachtung der Richtlinien des Infektionsschutzgesetzes (hier \u00a7 34 IFSG) m\u00f6chten wir Sie \u00fcber die Vorgehensweise bei einer Erkrankung Ihres Kindes und hinsichtlich der Medikamentenvergabe informieren.<\/p>\n\n\n\n<p>Mit den folgenden Ma\u00dfnahmen m\u00f6chten wir nicht nur im Interesse des betroffenen Kindes, sondern auch im Interesse der \u00fcbrigen Kinder sowie des p\u00e4dagogischen Personals handeln, um die Ansteckung anderer Kinder so gering wie m\u00f6glich zu halten und daf\u00fcr zu sorgen, dass schnellst m\u00f6glich eine Behandlung zur Genesung Ihres Kindes eingeleitet wird.<\/p>\n\n\n\n<ol type=\"1\"><li><strong>Was ist zu tun, wenn mein Kind zu Hause erkrankt?<\/strong><\/li><\/ol>\n\n\n\n<p>Bei folgenden Erkrankungen, darf Ihr Kind die <strong>Einrichtung <span class=\"has-inline-color has-vivid-red-color\">NICHT<\/span> <\/strong>besuchen:<\/p>\n\n\n\n<ul><li>Bei Fieber \u00fcber 38,0 Grad<\/li><li>Bei eitriger Bindehautentz\u00fcndung, Mund-Hand-Fu\u00df-Erkrankung<\/li><li>Bei Verdacht auf ansteckende Kinderkrankheiten (Windpocken, Masern, Mumps und R\u00f6teln, Scharlach)<\/li><li>Bei Erbrechen und Durchfall<\/li><li>Bei Kopfl\u00e4usen<\/li><\/ul>\n\n\n\n<p>Gleiches gilt, wenn Familienmitglieder an einer \u00fcbertragbaren oder o.g. ansteckenden Krankheit leiden.<\/p>\n\n\n\n<p>Bitte beachten Sie zur Wiederaufnahme in unsere Einrichtung Punkt 4!<\/p>\n\n\n\n<p>    2. <strong>Wann darf mein Kind die Einrichtung in Krankheitsfall trotzdem besuchen?<\/strong><\/p>\n\n\n\n<p>Eine leichte Erk\u00e4ltung ist kein Grund, Ihr Kind vom Besuch der Kinderkrippe auszuschlie\u00dfen.<\/p>\n\n\n\n<p>    3. <strong>Was passiert, wenn mein Kind w\u00e4hrend des Besuches in der  Einrichtung erkrankt?<\/strong><\/p>\n\n\n\n<p>Zeigt Ihr Kind in unserer Einrichtung akut auftretende Krankheiten und\/oder Fieber, ist die p\u00e4dagogische Mitarbeiterin der Gruppe verpflichtet, die Erziehungsberechtigten sofort zu informieren und ggf. die Abholung des Kindes zu veranlassen. Auch bei geh\u00e4uft und in kurzen Abstand auftretenden Durchfall, sind die Eltern sofort zu benachrichtigen um die Abholung des Kindes zu veranlassen, um eine Ausbreitung zu verhindern. <\/p>\n\n\n\n<p>     4. <strong>Wann darf mein Kind die Einrichtung nach einer Erkrankung wieder besuchen?<\/strong><\/p>\n\n\n\n<p>Aufgrund der <strong>aktuellen Lage (Covid-19)<\/strong> muss das erkrankte Kind (ebenso ggf. das symptomfreie Geschwisterkind) sofort von einer erziehungsberechtigten oder sonstigen befugten Person abgeholt werden und darf die Einrichtung auch erst nach Abklingen der Symptome  <strong>(mind. jedoch erst nach 48 Stunden) <\/strong>wieder besuchen<strong>. <\/strong><\/p>\n\n\n\n<p>Das hei\u00dft nach  fieberhaften Erkrankungen muss das Kind mind.<strong> 1 Tag fieberfrei <\/strong>sein, ebenso bei Erbrechen und Durchfall muss es <strong>2 Tage symptomfrei <\/strong>sein bevor es die Einrichtung wieder besuchen darf.<\/p>\n\n\n\n<p>Bei festgestellter ansteckender Erkrankung (Scharlach, Mund-Hand-Fu\u00df, Windpocken sowie bei Kinderkrankheiten etc.) muss bei der Wiederaufnahme Ihres Kindes in unsere Einrichtung ein \u00e4rztliches Attest oder eine \u00e4rztliche Bescheinigung (Krankmeldung mit Befristung) vorgelegt werden.<\/p>\n\n\n\n<p>Bei Kopfl\u00e4usen kann nach einer erfolgreichen Behandlung die Einrichtung wieder besucht werden. Die Behandlung muss in der Einrichtung schriftlich best\u00e4tigt werden.<\/p>\n\n\n\n<p>&nbsp;     5. <strong>Wie wird die Medikamentenvergabe gehandhabt?<\/strong><\/p>\n\n\n\n<ul><li>In unserer Einrichtung werden grunds\u00e4tzlich <strong>keine Medikamente <\/strong>verabreicht.<\/li><\/ul>\n\n\n\n<p><\/p>\n\n\n\n<p> <\/p>\n","protected":false},"excerpt":{"rendered":"<p>Infoblatt bei Krankheiten Unter Beachtung der Richtlinien des Infektionsschutzgesetzes (hier \u00a7 34 IFSG) m\u00f6chten wir Sie \u00fcber die Vorgehensweise bei einer Erkrankung Ihres Kindes und hinsichtlich der Medikamentenvergabe informieren. Mit den folgenden Ma\u00dfnahmen m\u00f6chten wir nicht nur im Interesse des betroffenen Kindes, sondern auch im Interesse der \u00fcbrigen Kinder sowie des p\u00e4dagogischen Personals handeln, um [&hellip;]<\/p>\n","protected":false},"author":5,"featured_media":0,"parent":0,"menu_order":0,"comment_status":"closed","ping_status":"closed","template":"","meta":{"ocean_post_layout":"","ocean_both_sidebars_style":"","ocean_both_sidebars_content_width":0,"ocean_both_sidebars_sidebars_width":0,"ocean_sidebar":"","ocean_second_sidebar":"","ocean_disable_margins":"enable","ocean_add_body_class":"","ocean_shortcode_before_top_bar":"","ocean_shortcode_after_top_bar":"","ocean_shortcode_before_header":"","ocean_shortcode_after_header":"","ocean_has_shortcode":"","ocean_shortcode_after_title":"","ocean_shortcode_before_footer_widgets":"","ocean_shortcode_after_footer_widgets":"","ocean_shortcode_before_footer_bottom":"","ocean_shortcode_after_footer_bottom":"","ocean_display_top_bar":"default","ocean_display_header":"default","ocean_header_style":"","ocean_center_header_left_menu":"","ocean_custom_header_template":"","ocean_custom_logo":0,"ocean_custom_retina_logo":0,"ocean_custom_logo_max_width":0,"ocean_custom_logo_tablet_max_width":0,"ocean_custom_logo_mobile_max_width":0,"ocean_custom_logo_max_height":0,"ocean_custom_logo_tablet_max_height":0,"ocean_custom_logo_mobile_max_height":0,"ocean_header_custom_menu":"","ocean_menu_typo_font_family":"","ocean_menu_typo_font_subset":"","ocean_menu_typo_font_size":0,"ocean_menu_typo_font_size_tablet":0,"ocean_menu_typo_font_size_mobile":0,"ocean_menu_typo_font_size_unit":"px","ocean_menu_typo_font_weight":"","ocean_menu_typo_font_weight_tablet":"","ocean_menu_typo_font_weight_mobile":"","ocean_menu_typo_transform":"","ocean_menu_typo_transform_tablet":"","ocean_menu_typo_transform_mobile":"","ocean_menu_typo_line_height":0,"ocean_menu_typo_line_height_tablet":0,"ocean_menu_typo_line_height_mobile":0,"ocean_menu_typo_line_height_unit":"","ocean_menu_typo_spacing":0,"ocean_menu_typo_spacing_tablet":0,"ocean_menu_typo_spacing_mobile":0,"ocean_menu_typo_spacing_unit":"","ocean_menu_link_color":"","ocean_menu_link_color_hover":"","ocean_menu_link_color_active":"","ocean_menu_link_background":"","ocean_menu_link_hover_background":"","ocean_menu_link_active_background":"","ocean_menu_social_links_bg":"","ocean_menu_social_hover_links_bg":"","ocean_menu_social_links_color":"","ocean_menu_social_hover_links_color":"","ocean_disable_title":"default","ocean_disable_heading":"default","ocean_post_title":"","ocean_post_subheading":"","ocean_post_title_style":"","ocean_post_title_background_color":"","ocean_post_title_background":0,"ocean_post_title_bg_image_position":"","ocean_post_title_bg_image_attachment":"","ocean_post_title_bg_image_repeat":"","ocean_post_title_bg_image_size":"","ocean_post_title_height":0,"ocean_post_title_bg_overlay":0.5,"ocean_post_title_bg_overlay_color":"","ocean_disable_breadcrumbs":"default","ocean_breadcrumbs_color":"","ocean_breadcrumbs_separator_color":"","ocean_breadcrumbs_links_color":"","ocean_breadcrumbs_links_hover_color":"","ocean_display_footer_widgets":"default","ocean_display_footer_bottom":"default","ocean_custom_footer_template":""},"_links":{"self":[{"href":"https:\/\/kinderbetreuung-neutraubling.de\/moby-dick\/wp-json\/wp\/v2\/pages\/137"}],"collection":[{"href":"https:\/\/kinderbetreuung-neutraubling.de\/moby-dick\/wp-json\/wp\/v2\/pages"}],"about":[{"href":"https:\/\/kinderbetreuung-neutraubling.de\/moby-dick\/wp-json\/wp\/v2\/types\/page"}],"author":[{"embeddable":true,"href":"https:\/\/kinderbetreuung-neutraubling.de\/moby-dick\/wp-json\/wp\/v2\/users\/5"}],"replies":[{"embeddable":true,"href":"https:\/\/kinderbetreuung-neutraubling.de\/moby-dick\/wp-json\/wp\/v2\/comments?post=137"}],"version-history":[{"count":4,"href":"https:\/\/kinderbetreuung-neutraubling.de\/moby-dick\/wp-json\/wp\/v2\/pages\/137\/revisions"}],"predecessor-version":[{"id":286,"href":"https:\/\/kinderbetreuung-neutraubling.de\/moby-dick\/wp-json\/wp\/v2\/pages\/137\/revisions\/286"}],"wp:attachment":[{"href":"https:\/\/kinderbetreuung-neutraubling.de\/moby-dick\/wp-json\/wp\/v2\/media?parent=137"}],"curies":[{"name":"wp","href":"https:\/\/api.w.org\/{rel}","templated":true}]}}