{"id":1138,"date":"2024-12-18T11:44:28","date_gmt":"2024-12-18T10:44:28","guid":{"rendered":"https:\/\/kinderbetreuung-neutraubling.de\/kindergarten-maerchenhaus\/?page_id=1138"},"modified":"2026-04-02T19:51:36","modified_gmt":"2026-04-02T17:51:36","slug":"unsere-gruppen","status":"publish","type":"page","link":"https:\/\/kinderbetreuung-neutraubling.de\/kindergarten-maerchenhaus\/unsere-gruppen\/","title":{"rendered":"Unsere Gruppen"},"content":{"rendered":"\n<p><\/p>\n\n\n\n<p class=\"has-text-align-center has-pale-cyan-blue-color has-text-color has-medium-font-size\">Kinderhausleitung: Christine Bauer (Erzieherin)<\/p>\n\n\n\n<p><\/p>\n\n\n\n<p class=\"has-white-color has-text-color\">&#8212;-<\/p>\n\n\n\n<p class=\"has-text-align-center has-medium-font-size\"><\/p>\n\n\n\n<h2 class=\"has-text-align-center has-luminous-vivid-amber-color has-text-color has-large-font-size\"><strong>Sterntaler<\/strong> &#8211; Kindergartengruppe (3 Jahre bis zum Schuleintritt)<\/h2>\n\n\n\n<p class=\"has-text-align-center has-medium-font-size\">\u00d6ffnungszeiten: 07.00 Uhr &#8211; 17.00<\/p>\n\n\n\n<p class=\"has-text-align-center has-medium-font-size\">Telefonnummer: 09401-5397523<\/p>\n\n\n\n<p class=\"has-text-align-center has-medium-font-size\">Betreuung: drei Erzieherinnen, Berufspraktikantin <\/p>\n\n\n\n<p class=\"has-white-color has-text-color\">&#8212;<\/p>\n\n\n<div class=\"wp-block-image\">\n<figure class=\"aligncenter size-full is-resized\"><img decoding=\"async\" loading=\"lazy\" src=\"https:\/\/kinderbetreuung-neutraubling.de\/kindergarten-maerchenhaus\/wp-content\/uploads\/sites\/12\/2025\/07\/Sterne.jpg\" alt=\"\" class=\"wp-image-1376\" width=\"157\" height=\"208\" srcset=\"https:\/\/kinderbetreuung-neutraubling.de\/kindergarten-maerchenhaus\/wp-content\/uploads\/sites\/12\/2025\/07\/Sterne.jpg 278w, https:\/\/kinderbetreuung-neutraubling.de\/kindergarten-maerchenhaus\/wp-content\/uploads\/sites\/12\/2025\/07\/Sterne-226x300.jpg 226w\" sizes=\"(max-width: 157px) 100vw, 157px\" \/><\/figure><\/div>\n\n\n<h2 class=\"has-text-align-center has-text-color has-large-font-size\" style=\"color:#0dc481\">Fr\u00f6schk\u00f6nige &#8211; Kindergartengruppe (3 Jahre bis zum Schuleintritt)<\/h2>\n\n\n\n<div class=\"is-layout-constrained wp-block-group\"><div class=\"wp-block-group__inner-container\">\n<p class=\"has-text-align-center has-medium-font-size\">\u00d6ffnungszeiten: 07.00 Uhr &#8211; 17.00 Uhr<\/p>\n\n\n\n<p class=\"has-text-align-center has-medium-font-size\">Telefonnummer: 09401 &#8211; 5397524<\/p>\n\n\n\n<p class=\"has-text-align-center has-medium-font-size\">Betreuung: zwei Erzieherinnen, Kinderpflegerin<\/p>\n\n\n<div class=\"wp-block-image\">\n<figure class=\"aligncenter size-full is-resized\"><img decoding=\"async\" loading=\"lazy\" src=\"https:\/\/kinderbetreuung-neutraubling.de\/kindergarten-maerchenhaus\/wp-content\/uploads\/sites\/12\/2025\/07\/Froesche-rotated.jpg\" alt=\"\" class=\"wp-image-1377\" width=\"152\" height=\"181\" srcset=\"https:\/\/kinderbetreuung-neutraubling.de\/kindergarten-maerchenhaus\/wp-content\/uploads\/sites\/12\/2025\/07\/Froesche-rotated.jpg 550w, https:\/\/kinderbetreuung-neutraubling.de\/kindergarten-maerchenhaus\/wp-content\/uploads\/sites\/12\/2025\/07\/Froesche-251x300.jpg 251w\" sizes=\"(max-width: 152px) 100vw, 152px\" \/><\/figure><\/div>\n\n\n<p class=\"has-white-color has-text-color\">&#8212;<\/p>\n<\/div><\/div>\n\n\n\n<h2 class=\"has-text-align-center has-text-color has-large-font-size\" style=\"color:#e82354\">Bremer Stadtmusikanten &#8211; Kindergartengruppe (3 Jahre bis zum Schuleintritt) <\/h2>\n\n\n\n<p class=\"has-text-align-center has-medium-font-size\">\u00d6ffnungszeiten: 07.00 Uhr -15.15 Uhr <\/p>\n\n\n\n<p class=\"has-text-align-center has-medium-font-size\">Telefonnummer: 09401 &#8211; 5397525<\/p>\n\n\n\n<p class=\"has-text-align-center has-medium-font-size\">Betreuung: zwei p\u00e4dagogische Fachkr\u00e4fte, Kinderpflegerin<\/p>\n\n\n\n<p><\/p>\n\n\n\n<p class=\"has-white-color has-text-color\">&#8212;<\/p>\n\n\n<div class=\"wp-block-image\">\n<figure class=\"aligncenter size-full is-resized\"><img decoding=\"async\" loading=\"lazy\" src=\"https:\/\/kinderbetreuung-neutraubling.de\/kindergarten-maerchenhaus\/wp-content\/uploads\/sites\/12\/2025\/07\/Stadtmusikanten.jpg\" alt=\"\" class=\"wp-image-1379\" width=\"148\" height=\"202\" srcset=\"https:\/\/kinderbetreuung-neutraubling.de\/kindergarten-maerchenhaus\/wp-content\/uploads\/sites\/12\/2025\/07\/Stadtmusikanten.jpg 312w, https:\/\/kinderbetreuung-neutraubling.de\/kindergarten-maerchenhaus\/wp-content\/uploads\/sites\/12\/2025\/07\/Stadtmusikanten-220x300.jpg 220w\" sizes=\"(max-width: 148px) 100vw, 148px\" \/><\/figure><\/div>\n\n\n<h2 class=\"has-text-align-center has-text-color has-large-font-size\" style=\"color:#01c87f\">Knusperh\u00e4uschen &#8211; altersgemischte Gruppe (2 Jahre bis 4 Jahre)<\/h2>\n\n\n\n<p class=\"has-text-align-center has-medium-font-size\">\u00d6ffnungszeiten: 07.00 Uhr &#8211; 17.00 Uhr<\/p>\n\n\n\n<p class=\"has-text-align-center has-medium-font-size\">Telefonnummer: 09401 &#8211; 5397522<\/p>\n\n\n\n<p class=\"has-text-align-center has-medium-font-size\">Betreuung: eine Erzieherin, drei Kinderpflegerinnen<\/p>\n\n\n<div class=\"wp-block-image\">\n<figure class=\"aligncenter size-full is-resized\"><img decoding=\"async\" loading=\"lazy\" src=\"https:\/\/kinderbetreuung-neutraubling.de\/kindergarten-maerchenhaus\/wp-content\/uploads\/sites\/12\/2025\/07\/Knusperhaeuschen.jpg\" alt=\"\" class=\"wp-image-1380\" width=\"184\" height=\"223\" srcset=\"https:\/\/kinderbetreuung-neutraubling.de\/kindergarten-maerchenhaus\/wp-content\/uploads\/sites\/12\/2025\/07\/Knusperhaeuschen.jpg 344w, https:\/\/kinderbetreuung-neutraubling.de\/kindergarten-maerchenhaus\/wp-content\/uploads\/sites\/12\/2025\/07\/Knusperhaeuschen-248x300.jpg 248w\" sizes=\"(max-width: 184px) 100vw, 184px\" \/><\/figure><\/div>\n\n\n<p class=\"has-white-color has-text-color\">&#8212;<\/p>\n\n\n\n<h2 class=\"has-text-align-center has-luminous-vivid-amber-color has-text-color has-large-font-size\">Zwergerl &#8211; Krippengruppe (1 Jahr bis 3 Jahre) <\/h2>\n\n\n\n<p class=\"has-text-align-center has-medium-font-size\">\u00d6ffnungszeiten: 07.00 Uhr bis 17.00 Uhr<\/p>\n\n\n\n<p class=\"has-text-align-center has-medium-font-size\">Telefonnummer: 09401 &#8211; 5397521<\/p>\n\n\n\n<p class=\"has-text-align-center has-medium-font-size\">Betreuung: Erzieherin, zwei Kinderpflegerinnen<\/p>\n\n\n<div class=\"wp-block-image\">\n<figure class=\"aligncenter size-full is-resized\"><img decoding=\"async\" loading=\"lazy\" src=\"https:\/\/kinderbetreuung-neutraubling.de\/kindergarten-maerchenhaus\/wp-content\/uploads\/sites\/12\/2025\/07\/Zwergerl.png\" alt=\"\" class=\"wp-image-1381\" width=\"171\" height=\"225\" srcset=\"https:\/\/kinderbetreuung-neutraubling.de\/kindergarten-maerchenhaus\/wp-content\/uploads\/sites\/12\/2025\/07\/Zwergerl.png 256w, https:\/\/kinderbetreuung-neutraubling.de\/kindergarten-maerchenhaus\/wp-content\/uploads\/sites\/12\/2025\/07\/Zwergerl-229x300.png 229w\" sizes=\"(max-width: 171px) 100vw, 171px\" \/><\/figure><\/div>\n\n\n<p class=\"has-white-color has-text-color\">&#8212;<\/p>\n\n\n\n<p><\/p>\n\n\n\n<p class=\"has-text-align-center has-medium-font-size\">Au\u00dferdem unterst\u00fctzt uns an drei Vormittagen gruppen\u00fcbergreifend ein Erzieher, sowie t\u00e4glich in der Mittagszeit eine K\u00fcchenkraft. <\/p>\n","protected":false},"excerpt":{"rendered":"<p>Kinderhausleitung: Christine Bauer (Erzieherin) &#8212;- Sterntaler &#8211; Kindergartengruppe (3 Jahre bis zum Schuleintritt) \u00d6ffnungszeiten: 07.00 Uhr &#8211; 17.00 Telefonnummer: 09401-5397523 Betreuung: drei Erzieherinnen, Berufspraktikantin &#8212; Fr\u00f6schk\u00f6nige &#8211; Kindergartengruppe (3 Jahre bis zum Schuleintritt) \u00d6ffnungszeiten: 07.00 Uhr &#8211; 17.00 Uhr Telefonnummer: 09401 &#8211; 5397524 Betreuung: zwei Erzieherinnen, Kinderpflegerin &#8212; Bremer Stadtmusikanten &#8211; Kindergartengruppe (3 Jahre bis [&hellip;]<\/p>\n","protected":false},"author":10,"featured_media":0,"parent":0,"menu_order":0,"comment_status":"closed","ping_status":"closed","template":"","meta":{"ocean_post_layout":"","ocean_both_sidebars_style":"","ocean_both_sidebars_content_width":0,"ocean_both_sidebars_sidebars_width":0,"ocean_sidebar":"","ocean_second_sidebar":"","ocean_disable_margins":"enable","ocean_add_body_class":"","ocean_shortcode_before_top_bar":"","ocean_shortcode_after_top_bar":"","ocean_shortcode_before_header":"","ocean_shortcode_after_header":"","ocean_has_shortcode":"","ocean_shortcode_after_title":"","ocean_shortcode_before_footer_widgets":"","ocean_shortcode_after_footer_widgets":"","ocean_shortcode_before_footer_bottom":"","ocean_shortcode_after_footer_bottom":"","ocean_display_top_bar":"default","ocean_display_header":"default","ocean_header_style":"","ocean_center_header_left_menu":"","ocean_custom_header_template":"","ocean_custom_logo":0,"ocean_custom_retina_logo":0,"ocean_custom_logo_max_width":0,"ocean_custom_logo_tablet_max_width":0,"ocean_custom_logo_mobile_max_width":0,"ocean_custom_logo_max_height":0,"ocean_custom_logo_tablet_max_height":0,"ocean_custom_logo_mobile_max_height":0,"ocean_header_custom_menu":"","ocean_menu_typo_font_family":"","ocean_menu_typo_font_subset":"","ocean_menu_typo_font_size":0,"ocean_menu_typo_font_size_tablet":0,"ocean_menu_typo_font_size_mobile":0,"ocean_menu_typo_font_size_unit":"px","ocean_menu_typo_font_weight":"","ocean_menu_typo_font_weight_tablet":"","ocean_menu_typo_font_weight_mobile":"","ocean_menu_typo_transform":"","ocean_menu_typo_transform_tablet":"","ocean_menu_typo_transform_mobile":"","ocean_menu_typo_line_height":0,"ocean_menu_typo_line_height_tablet":0,"ocean_menu_typo_line_height_mobile":0,"ocean_menu_typo_line_height_unit":"","ocean_menu_typo_spacing":0,"ocean_menu_typo_spacing_tablet":0,"ocean_menu_typo_spacing_mobile":0,"ocean_menu_typo_spacing_unit":"","ocean_menu_link_color":"","ocean_menu_link_color_hover":"","ocean_menu_link_color_active":"","ocean_menu_link_background":"","ocean_menu_link_hover_background":"","ocean_menu_link_active_background":"","ocean_menu_social_links_bg":"","ocean_menu_social_hover_links_bg":"","ocean_menu_social_links_color":"","ocean_menu_social_hover_links_color":"","ocean_disable_title":"default","ocean_disable_heading":"default","ocean_post_title":"","ocean_post_subheading":"","ocean_post_title_style":"","ocean_post_title_background_color":"","ocean_post_title_background":0,"ocean_post_title_bg_image_position":"","ocean_post_title_bg_image_attachment":"","ocean_post_title_bg_image_repeat":"","ocean_post_title_bg_image_size":"","ocean_post_title_height":0,"ocean_post_title_bg_overlay":0.5,"ocean_post_title_bg_overlay_color":"","ocean_disable_breadcrumbs":"default","ocean_breadcrumbs_color":"","ocean_breadcrumbs_separator_color":"","ocean_breadcrumbs_links_color":"","ocean_breadcrumbs_links_hover_color":"","ocean_display_footer_widgets":"default","ocean_display_footer_bottom":"default","ocean_custom_footer_template":""},"_links":{"self":[{"href":"https:\/\/kinderbetreuung-neutraubling.de\/kindergarten-maerchenhaus\/wp-json\/wp\/v2\/pages\/1138"}],"collection":[{"href":"https:\/\/kinderbetreuung-neutraubling.de\/kindergarten-maerchenhaus\/wp-json\/wp\/v2\/pages"}],"about":[{"href":"https:\/\/kinderbetreuung-neutraubling.de\/kindergarten-maerchenhaus\/wp-json\/wp\/v2\/types\/page"}],"author":[{"embeddable":true,"href":"https:\/\/kinderbetreuung-neutraubling.de\/kindergarten-maerchenhaus\/wp-json\/wp\/v2\/users\/10"}],"replies":[{"embeddable":true,"href":"https:\/\/kinderbetreuung-neutraubling.de\/kindergarten-maerchenhaus\/wp-json\/wp\/v2\/comments?post=1138"}],"version-history":[{"count":19,"href":"https:\/\/kinderbetreuung-neutraubling.de\/kindergarten-maerchenhaus\/wp-json\/wp\/v2\/pages\/1138\/revisions"}],"predecessor-version":[{"id":1754,"href":"https:\/\/kinderbetreuung-neutraubling.de\/kindergarten-maerchenhaus\/wp-json\/wp\/v2\/pages\/1138\/revisions\/1754"}],"wp:attachment":[{"href":"https:\/\/kinderbetreuung-neutraubling.de\/kindergarten-maerchenhaus\/wp-json\/wp\/v2\/media?parent=1138"}],"curies":[{"name":"wp","href":"https:\/\/api.w.org\/{rel}","templated":true}]}}